the remainder when u is divided by b.
9
Let g = -1 + 1. Suppose 8*j - 3*j + 5 = g. Calculate the remainder when 5 is divided by -2*3/(-6) - j.
1
Let o(a) = -a + 5. Let m be o(5). Suppose -7 = -2*i - 3*j, -4*i + 2*i + 4*j = m. Let r = 2 + 0. Calculate the remainder when r is divided by i.
0
Let j(g) = -13*g + 5. What is the remainder when 123 is divided by j(-2)?
30
Let j(m) = m - 7. Let y be j(11). Suppose -5*x + y*l + 55 = 9*l, 0 = 3*x - l - 33. What is the remainder when x is divided by 9/(-3*2/(-4))?
5
Suppose -3*b + 9 = -0*b. Let x(z) = 2*z - 4. Calculate the remainder when 5 is divided by x(b).
1
Suppose 5*z - 150 = -z. Calculate the remainder when z is divided by 13.
12
Let a(c) = -37*c - 1. Let b(i) be the third derivative of i**3/6 - i**2. Let s(r) = a(r) + 3*b(r). What is the remainder when s(-2) is divided by 26?
24
Let a be -4*(0 - 212/8). Suppose 2*f + p - a = 0, 0*p + 16 = -4*p. Calculate the remainder when f is divided by 14.
13
Suppose -4*m + 14 = u, 2*u - 3*m - 28 = -5*m. Calculate the remainder when 48 is divided by u.
6
Let w(i) = -i - 3. Let r be w(-6). Suppose -4*y + l + 6 = r, -3*l = -15. Calculate the remainder when y is divided by (-16)/(-10) + (-2)/(-5).
0
Suppose 0 = -0*o + 2*o + 4, -5*o - 27 = -k. What is the remainder when 48 is divided by k?
14
Let j(h) = h**3 + 11*h**2 + 1. Let o be j(-11). Suppose 39 = 4*t + z, -2*t - 2*z + 0 + 12 = 0. What is the remainder when 155/10*2*o is divided by t?
9
Let v = 72 + -41. What is the remainder when v is divided by 11?
9
Suppose 39 = 3*m + 5*d - 10*d, 65 = 5*m + d. Calculate the remainder when 38 is divided by m.
12
Let v(z) = -z**2 + 12*z - 5. Let m be (-1 + 6)*2 - 1. Let p be (m/4)/(3/12). Calculate the remainder when v(p) is divided by 6.
4
Suppose -5*c + p + 23 = 4, 0 = -c + 2*p + 11. Let h(w) = 3*w**2. What is the remainder when h(c) is divided by 7?
6
Let d(f) = f**2 - 13*f + 24. Let t = 10 + -7. Calculate the remainder when t is divided by d(11).
1
Suppose -m + 134 - 21 = 0. Calculate the remainder when m is divided by 30.
23
Let h(c) = -c**2 - 7*c + 2. Let m be h(-6). Suppose -68 = -4*b - m. What is the remainder when 4 is divided by (-3)/b + 11/5?
0
Let s = -10 + 10. Suppose 4*z = z - 3*n + 27, 2*z - 3*n - 3 = s. Calculate the remainder when 4/10 + 53/5 is divided by z.
5
Let o = -23 + 14. Let y(t) = t + 2. What is the remainder when (-588)/(-27) - 2/o is divided by y(6)?
6
Suppose -3 = -v + 26. Calculate the remainder when 3/(-3) - (-168)/3 is divided by v.
26
Let u be 6 + 1*(-1)/1. Suppose 0 = -x - l + 3, u*x - 2*x + 2*l = 5. Let f(p) = -15*p**3 + p**2. Calculate the remainder when f(x) is divided by 9.
7
Let v = 386 - 263. What is the remainder when v is divided by 25?
23
Let v be (-7 - 0)*(6 - 8). Suppose 0 = -5*f - v + 39. What is the remainder when 19 is divided by f?
4
Suppose 2*q + 2*k = 40, 3*k = 8*q - 3*q - 68. Suppose 0 = 4*b - 2*i - 28, -3*i + 4 - q = 0. What is the remainder when 8 is divided by b?
3
Let o = 175 + -125. What is the remainder when 196 is divided by o?
46
Suppose 0 = 2*a + 2*a - 48. Suppose 3*z = -2*z. Suppose -18 = -3*i - h, -5*i + h + 3*h + 47 = z. Calculate the remainder when a is divided by i.
5
Suppose p = -41 + 120. What is the remainder when p is divided by 27?
25
Let u(i) = 1 + 2 - 1 + 0 - i. Calculate the remainder when 14 is divided by u(-3).
4
Suppose -126 + 44 = -v. Calculate the remainder when v is divided by 22.
16
Let j be (-4)/6*(-3)/(-1). Let u be (-2)/4 + (-11)/j. Suppose 0 = -y - 2*b + 1, 5*b - 5 - u = -4*y. What is the remainder when y is divided by 3?
2
Suppose 0 = -h + 3. Suppose h*z - 8 = 10. What is the remainder when z is divided by 2?
0
Let m(y) = y. Let k(a) = -a + 9. Let g(s) = -s**3 - 3*s**2 + 4*s + 4. Let v be g(-4). Calculate the remainder when k(v) is divided by m(2).
1
Suppose -3*i + 4*l = -151, 4*l - 21 - 8 = -i. Suppose 64 = u + 3*u. Calculate the remainder when i is divided by u.
13
Suppose 6*g - 104 = -2*g. What is the remainder when g is divided by 8?
5
Suppose -118 = -16*d - 6. Calculate the remainder when 11 is divided by d.
4
Suppose 0 = -q + 2*q - 26. Suppose g + g = q. Calculate the remainder when g is divided by 7.
6
Suppose 3*b - 2*b = 29. Suppose 0 = 2*s - 3*g - 8 - 12, 2*g = -2*s + 20. Calculate the remainder when b is divided by s.
9
Suppose j - 12 = -3*s, 0*j = 2*j - 4*s - 4. What is the remainder when 10 is divided by j?
4
What is the remainder when 1/(4/16 + (-14)/60) is divided by 26?
8
Suppose -w = -12 - 1. Suppose -3*c = -4*t - 4, 3 = 4*c - t - 2*t. Suppose c = 2*o - 2*j - 33 + 9, -2*j = 10. Calculate the remainder when w is divided by o.
6
What is the remainder when 1 + 3/(-4) - (-972)/144 is divided by 7?
0
Calculate the remainder when 52 is divided by 62/4 - 18/12.
10
Suppose 13 = 3*c - 4*x - 1, 0 = -2*c - 4*x + 36. What is the remainder when 37 is divided by c?
7
Let d(u) = -u**3 + 5*u**2 + 5*u + 12. Calculate the remainder when 14 is divided by d(6).
2
Let l = -12 - -62. Calculate the remainder when l is divided by 13.
11
Let u(k) = -k**2 + 9*k + 6. Let f be u(13). Let d = 77 + f. Calculate the remainder when d is divided by 8.
7
Let z(q) = q**2 + 14*q - 1. Let k be z(-14). Let f = 7 + k. What is the remainder when 9 is divided by f?
3
Let x be 2/5 + 99/15. Let s = x - 5. Suppose s*b - 39 = -1. What is the remainder when b is divided by 10?
9
Suppose 60 = 4*y - 4*d, 0*d + 3*d = 3. What is the remainder when 1 + 2*-1 + 47 is divided by y?
14
What is the remainder when (1 - 685/35)*-7 is divided by 27?
22
Suppose 3*o + 6 - 15 = 0. Suppose o*l - 10 = 8. What is the remainder when 9 is divided by l?
3
Let x(s) = -s**3 + 7*s**2 + 8*s + 3. Let m be x(8). Suppose -2*f + 3*f = 0. Suppose m*g - 27 - 6 = f. What is the remainder when 21 is divided by g?
10
Let l = 36 + -20. Let b = 37 + -28. Calculate the remainder when l is divided by b.
7
Let o(r) = r**3 - 7*r**2 + 3*r - 3. Let b be o(6). Calculate the remainder when b/((-1)/(-2)*-2) is divided by 12.
9
Suppose 2*m - 48 = -3*w, m - 6 = w - 17. What is the remainder when w is divided by 3?
2
What is the remainder when ((-2886)/(-39))/((-2)/((-2)/1)) is divided by 13?
9
Suppose -4 + 84 = 5*n. Let s(l) = -7*l - 11. Calculate the remainder when s(-6) is divided by n.
15
Let b(s) = -2*s + 3. Suppose 0*v - 32 = 3*l - 4*v, -5*l = -4*v + 40. What is the remainder when 19 is divided by b(l)?
8
Suppose 2*j - 126 + 38 = 4*w, -j - 4*w + 50 = 0. Let g = -27 + j. Calculate the remainder when 55 is divided by g.
17
Suppose 3 - 17 = -r. Calculate the remainder when 27 is divided by r.
13
Let p = 6 + -4. Suppose -p*r + 4 = 2, q + r = 20. Suppose -5*k = h - 53, 4*k + h - 52 = -3*h. Calculate the remainder when q is divided by k.
9
Let w = -5 - -8. Let i(y) = 12*y + 12 - y**3 + 0*y + w*y + 12*y**2. Calculate the remainder when i(13) is divided by 10.
8
Suppose -9 - 21 = -3*a. Suppose -3*p + 18 = 3*g, -p + a + 6 = 3*g. Calculate the remainder when 18 is divided by g.
3
Let z = 36 - -8. What is the remainder when z is divided by 16?
12
Let r = 32 + -24. Let x(v) = -v**3 - 11*v**2 + 10*v - 2. Calculate the remainder when x(-12) is divided by r.
6
Let j = -7 + 13. Calculate the remainder when 10 is divided by j.
4
Let i = 7 - 12. Let p = 11 + i. Calculate the remainder when 1/2 + (-147)/(-14) is divided by p.
5
Let b(c) = -c + 6. Let m be b(4). Let i be m + 5/((-10)/(-96)). Suppose -i = t - 3*t. Calculate the remainder when t is divided by 13.
12
Let o = -77 - -86. Suppose -4*t - 3*z + 129 = 0, 66 + 35 = 3*t - 2*z. Calculate the remainder when t is divided by o.
6
Let q = 57 + 11. Suppose -8 = -2*j - 3*a, 3*a + 2 = -4*j + 6. Calculate the remainder when q is divided by 69/j*(-4)/6.
22
Suppose 0 = -4*x - x + 80. What is the remainder when x is divided by (-9)/(2/(1 - 3))?
7
Let t(g) = -4*g**3 + g. Let h be t(-1). Let i = -5 + h. Calculate the remainder when 14 is divided by 10*(-1)/i*1.
4
Let a be 4/6 + 62/(-3). Let k = 2 - a. Calculate the remainder when 65 is divided by k.
21
Let s = 5 + -13. Let r = -4 - s. Suppose -4 = -5*m - 24, -55 = -3*z + r*m. Calculate the remainder when 37 is divided by z.
11
Suppose -6 + 118 = 8*m. Calculate the remainder when 54 is divided by m.
12
Let p(v) = 2*v**2 + 4*v - 5. Let x be p(4). Suppose 0 = 3*o - x - 65. Calculate the 